culate the highest common factor of b and 1408.
22
Let j(g) = -4*g**3 - 64*g**2 - 2*g + 9. Let p be j(-16). Suppose 0 = p*x - 54*x + 442. Calculate the greatest common divisor of 102 and x.
34
Suppose 0 = y - 9*w + 14*w - 2205, 4*y = 5*w + 8695. What is the highest common factor of y and 20?
20
Suppose -683*a + 676*a = -2352. What is the highest common divisor of a and 560?
112
Let b be (15 - 11)*2/(16/14). Suppose 9*y - b*y = 0. Suppose -5*h - 7 - 8 = y, 3*m + h - 117 = 0. Calculate the greatest common divisor of m and 30.
10
Let k = -9498 - -9966. Calculate the greatest common divisor of 507 and k.
39
Let u(p) = 515*p + 2550. Let o be u(-4). What is the highest common divisor of 2646 and o?
98
Let d = 2076 + -1232. Suppose o = 4*h - 2444, -d - 2211 = -5*h - 2*o. What is the greatest common factor of h and 13?
13
Let v be (0 - -11) + (-7)/1. Suppose -v*d + 11*p = 15*p - 292, 3*p = 2*d - 141. Calculate the highest common factor of d and 648.
72
Suppose -15 = 5*g, 0 = 2*y - y - g - 2. Let r be (-229)/12 - (-49)/588. Let u be (y/(-3))/(r/(-2907)). Calculate the highest common factor of u and 17.
17
Let d = -832 - -595. Let a = d - -496. What is the greatest common factor of 37 and a?
37
Let z be (190/(-4))/((-415)/332). Suppose 3*l + 7*f - 58 = 3*f, -3*f = 2*l - z. Calculate the greatest common divisor of 1034 and l.
22
Let h(z) = 120*z - 1. Let o be h(1). Let l(w) = 7*w**2 + 161*w + 891. Let x be l(-15). Calculate the greatest common divisor of x and o.
17
Let w be ((-2600)/150)/((-376)/186 - -2). Calculate the highest common divisor of 52 and w.
26
Let l be (-2)/(2/(-1)) - -26. Suppose -173 = 12*f - 497. What is the highest common divisor of l and f?
27
Suppose 5*n = 2*j + 114, 7*j - n + 239 = 2*j. Let o = -39 - -5. Let f = o - j. Calculate the highest common divisor of f and 13.
13
Let i be (-287)/1148 + -2*(-813)/8. Calculate the greatest common factor of 870 and i.
29
Let y = 73 + -69. Suppose 2*r - y*j = -7*j + 641, 0 = -4*r + 4*j + 1312. What is the highest common factor of 13 and r?
13
Let s = 1139 - -335. Calculate the greatest common divisor of 33 and s.
11
Let x = -3548 + 5268. What is the greatest common factor of x and 80?
40
Let f(q) = q**2 - 19*q + 36. Let a be f(16). Let g be ((-6)/4)/(1*a/784). What is the greatest common factor of g and 28?
14
Let b be (-8)/(-16) + 6/4. Let f(h) = 5*h**2 + 0*h + 4*h**2 - 3*h + 2 + h**2. Let l be f(b). What is the greatest common factor of l and 12?
12
Suppose -u + 4 = 0, -109*a + 111*a + u - 208 = 0. What is the highest common factor of a and 99?
3
Suppose 3*a - 2*r = 15, 0*r - 15 = -3*a + 4*r. Calculate the highest common factor of 1815 and a.
5
Let v = -10853 + 10887. Calculate the greatest common factor of v and 374.
34
Suppose 114*t - 13035 = 35*t. What is the greatest common divisor of t and 180?
15
Suppose -2*m + 0*m - 278 = -2*v, 286 = 2*v - 4*m. Suppose 16*b - 57 - v = 0. What is the greatest common factor of b and 20?
4
Suppose 48*s - 4370 = 46*s. Let t = s - 1195. What is the highest common factor of 66 and t?
66
Suppose 0 = 5*c - 62 - 218. Let t = -383 + 399. Calculate the highest common divisor of c and t.
8
Suppose -3*f + 5*s + 114 = 0, 5*f = -56*s + 54*s + 97. Calculate the highest common divisor of 35857 and f.
23
Suppose 0 = -5*j + 5*w + 6000, -w - 1407 = -5*j + 4577. Suppose 233 + 9 = 5*s - 3*h, -72 = -2*s - 5*h. What is the greatest common factor of j and s?
46
Let x(j) = 22*j + 46. Let s be x(-2). Suppose -s*b + 0*b = 2*u - 28, 0 = -4*b - 5*u + 56. Calculate the highest common factor of b and 161.
7
Let w(v) = -v**3 - 3*v**2 + 5*v + 6. Let c be w(-4). Suppose c*n - 152 = -4*q, 0 = 74*n - 69*n + q - 335. What is the highest common factor of n and 297?
33
Let y = -476 + 774. Let i = -247 + y. What is the greatest common divisor of i and 867?
51
Suppose 99 = -2*m + 101. Suppose -y = 2*y - 273. Suppose -5*o + y = m. Calculate the greatest common divisor of o and 36.
18
Suppose 4*d + 113 = 5*r, 22*r - 19*r - 84 = -3*d. Calculate the highest common divisor of r and 5275.
25
Let x be (24*-1)/(-6) - -30. Suppose -17 = -5*c - 7. Suppose -302 = -k - 0*y - c*y, -4 = 2*y. Calculate the greatest common factor of k and x.
34
Let i be ((-98)/(-6))/((-2)/(-42)). Let n be (1176/60)/((-1)/(80/(-32))). What is the greatest common divisor of n and i?
49
Suppose 45*n - 24 = 51*n. Let p be n/50 + 29754/675. Calculate the greatest common divisor of 28 and p.
4
Suppose 0 = -2*n - 8, -410 = -2*a + 5*n. Suppose 68 = q + 3*x - 7, 3*q = -3*x + a. What is the greatest common divisor of 36 and q?
12
Let n be (-11)/55*26*(-1390)/2. Calculate the greatest common divisor of 52 and n.
26
Let m(t) = 12*t - 1. Let v be m(1). Let s be (3171/63 + -21)/((1 + 1)/12). Calculate the highest common divisor of v and s.
11
Let l be ((-16)/24)/((-2735)/(-1095) - (-5)/(-2)). Calculate the greatest common divisor of 8468 and l.
292
Let x = -17344 + 17362. What is the highest common divisor of 138 and x?
6
Suppose 4*i + 5*x = 8759, 1030 + 9930 = 5*i + 5*x. What is the greatest common factor of i and 639?
71
Let g = -3629 - -5537. Calculate the greatest common divisor of g and 4.
4
Let t = -726 - -734. Let v(l) = l**2 + 14*l - 15. Let r be v(-15). Let b be (4 + -3)/(r - -1). Calculate the highest common factor of b and t.
1
Suppose 10*m - 300 = 5*m. Suppose 9*v - 3*v = 30. Suppose 2*t + v*t = 105. Calculate the greatest common factor of m and t.
15
Suppose -88 - 32 = -5*z. Suppose 14254*a - 14258*a + 128 = 0. What is the greatest common divisor of z and a?
8
Let j be (-47 - (-140)/(-20))*(-5)/((-10)/(-4)). Calculate the highest common factor of j and 6831.
27
Let u(o) = 63*o**2 - 16*o + 39. Let z be u(-16). Suppose -z = -29*q + 4022. Calculate the greatest common factor of q and 15.
15
Let t = -17544 - -17582. Calculate the highest common divisor of 16454 and t.
38
Let u(c) = 382*c**2 - 350*c + 706. Let x be u(2). What is the greatest common factor of x and 1180?
118
Suppose 0 = m + 3, 57*j + m = 54*j + 345. Suppose -3*c - 5*g + j = -4*g, 2*g = c - 48. Calculate the greatest common factor of c and 35.
5
Let s(b) = b**3 + 4*b**2 - 3*b - 11. Let d be s(-4). Let m be (-5 + (-15)/(-6))/(d/(-6)). Calculate the highest common factor of 165 and m.
15
Let o be -2*(3/(-24) + 19/(-8)). Suppose 2*l + 3*l - 2*h = -725, o*h - 269 = 2*l. Let g = l + 308. What is the highest common factor of 23 and g?
23
Suppose -3*a + 3*l + 75 = 0, 0*a + l - 107 = -5*a. Suppose -35 = -5*u, -6*u = 2*x - 4*u - 850. Calculate the highest common factor of x and a.
22
Suppose -3*l = 5*u - 28011, -84*u = -80*u - 4*l - 22396. Calculate the highest common divisor of 6 and u.
3
Suppose -2*n - 224 + 226 = 0. Let x be n/(-4 - 1908/(-476)). What is the greatest common factor of 7 and x?
7
Let q = 6664 + -6377. What is the greatest common factor of 21 and q?
7
Suppose -4*y + 262 = -5*p - 55, 5*y - 393 = 3*p. Suppose -46436 = -49*z - 45*z. What is the highest common divisor of z and y?
26
Let a = 12534 - 7423. Calculate the highest common factor of a and 57.
19
Suppose 8*r - 29 - 19 = 0. Suppose r*n = 5*b + 3*n - 51, -b = 2*n - 5. Calculate the highest common factor of 1 and b.
1
Let l = -167 + 135. Let v = l - -104. What is the highest common factor of 16 and v?
8
Let o(z) = 7*z**2 - 14*z + 61. Let d be o(3). What is the highest common factor of 410 and d?
82
Let v(z) = 152*z**2 - 3*z + 4. Let g be v(3). Let p = g + -163. Suppose 9*k = -k + p. Calculate the highest common factor of k and 15.
15
Let h(c) = -532*c - 4710. Let a be h(-9). What is the highest common factor of a and 6942?
78
Suppose v - 11*j - 4731 = -18*j, -4*j - 24 = 0. Calculate the greatest common divisor of v and 111.
111
Suppose -18 = -3*y - 3*y. Let b(x) = 118*x - 14. Let k be b(y). What is the highest common factor of k and 20?
20
Let o = -11037 - -11148. Calculate the greatest common divisor of 407 and o.
37
Suppose 7*t = -16*t + 511343 - 127427. Calculate the highest common factor of 48 and t.
12
Suppose -3*k + 12*k = 4347. Let g = k - 429. What is the highest common factor of 459 and g?
27
Let u(k) = k**2 + 862*k + 1725. Let z be u(-2). Let f = -7 + 14. Suppose f*c = 4*c + 150. What is the highest common divisor of z and c?
5
Suppose -17*t + 552 = -11*t. Suppose -t = -14*g + 174. Let v(x) =